CRAN Package Check Results for Package spaceExt

Last updated on 2014-07-24 05:48:33.

Flavor Version Tinstall Tcheck Ttotal Status Flags
r-devel-linux-x86_64-debian-clang 1.0 1.05 12.33 13.38 NOTE
r-devel-linux-x86_64-debian-gcc 1.0 1.47 12.02 13.50 NOTE
r-devel-linux-x86_64-fedora-clang 1.0 28.91 NOTE
r-devel-linux-x86_64-fedora-gcc 1.0 26.65 NOTE
r-devel-osx-x86_64-clang 1.0 26.90 NOTE
r-devel-windows-ix86+x86_64 1.0 8.00 30.00 38.00 NOTE
r-patched-linux-x86_64 1.0 1.41 12.05 13.46 NOTE
r-patched-solaris-sparc 1.0 174.70 NOTE
r-patched-solaris-x86 1.0 43.60 NOTE
r-release-linux-ix86 1.0 2.01 20.30 22.32 NOTE
r-release-linux-x86_64 1.0 1.50 12.52 14.02 NOTE
r-release-osx-x86_64-mavericks 1.0 NOTE
r-release-osx-x86_64-snowleopard 1.0 OK
r-release-windows-ix86+x86_64 1.0 9.00 29.00 38.00 NOTE
r-oldrel-windows-ix86+x86_64 1.0 8.00 31.00 39.00 NOTE

Check Details

Version: 1.0
Check: dependencies in R code
Result: NOTE
    Packages in Depends field not imported from:
     ‘glasso’ ‘limSolve’
     These packages need to be imported from (in the NAMESPACE file)
     for when this namespace is loaded but not attached.
    See the information on DESCRIPTION files in the chapter ‘Creating R
    packages’ of the ‘Writing R Extensions’ manual.
Flavors: r-devel-linux-x86_64-debian-clang, r-devel-linux-x86_64-debian-gcc, r-devel-linux-x86_64-fedora-clang, r-devel-linux-x86_64-fedora-gcc, r-devel-osx-x86_64-clang, r-devel-windows-ix86+x86_64, r-patched-linux-x86_64, r-patched-solaris-sparc, r-patched-solaris-x86, r-release-linux-ix86, r-release-linux-x86_64, r-release-osx-x86_64-mavericks, r-release-windows-ix86+x86_64, r-oldrel-windows-ix86+x86_64

Version: 1.0
Check: Rd line widths
Result: NOTE
    Rd file 'glasso.miss.Rd':
     \examples lines wider than 100 characters:
     data(finStocksCn) ##data of finance sector of Chinese Stock Market, from January 4th, 2011 to July 26th, 2011
    
    Rd file 'space.miss.Rd':
     \examples lines wider than 100 characters:
     data(finStocksCn) ##data of finance sector of Chinese Stock Market, from January 4th, 2011 to July 26th, 2011
    
    These lines will be truncated in the PDF manual.
Flavors: r-devel-linux-x86_64-fedora-clang, r-devel-linux-x86_64-fedora-gcc