CRAN Package Check Results for Package spaceExt

Last updated on 2015-04-18 03:50:28.

Flavor Version Tinstall Tcheck Ttotal Status Flags
r-devel-linux-x86_64-debian-clang 1.0 1.20 11.08 12.28 NOTE
r-devel-linux-x86_64-debian-gcc 1.0 1.35 10.89 12.24 NOTE
r-devel-linux-x86_64-fedora-clang 1.0 23.29 NOTE
r-devel-linux-x86_64-fedora-gcc 1.0 21.67 NOTE
r-devel-osx-x86_64-clang 1.0 24.53 NOTE
r-prerel-windows-ix86+x86_64 1.0 8.00 25.00 33.00 NOTE
r-prerel-linux-x86_64 1.0 1.36 10.64 12.00 NOTE
r-prerel-solaris-sparc 1.0 161.00 NOTE
r-prerel-solaris-x86 1.0 38.80 NOTE
r-release-linux-x86_64 1.0 1.63 13.21 14.84 NOTE
r-release-osx-x86_64-mavericks 1.0 NOTE
r-release-osx-x86_64-snowleopard 1.0 OK
r-release-windows-ix86+x86_64 1.0 8.00 28.00 36.00 NOTE
r-oldrel-windows-ix86+x86_64 1.0 8.00 37.00 45.00 NOTE

Check Details

Version: 1.0
Check: DESCRIPTION meta-information
Result: NOTE
    Malformed Description field: should contain one or more complete sentences.
Flavors: r-devel-linux-x86_64-debian-clang, r-devel-linux-x86_64-debian-gcc, r-devel-linux-x86_64-fedora-clang, r-devel-linux-x86_64-fedora-gcc, r-devel-osx-x86_64-clang, r-prerel-windows-ix86+x86_64, r-prerel-linux-x86_64, r-prerel-solaris-sparc, r-prerel-solaris-x86

Version: 1.0
Check: dependencies in R code
Result: NOTE
    Packages in Depends field not imported from:
     ‘glasso’ ‘limSolve’
     These packages need to be imported from (in the NAMESPACE file)
     for when this namespace is loaded but not attached.
Flavors: r-devel-linux-x86_64-debian-clang, r-devel-linux-x86_64-debian-gcc, r-devel-linux-x86_64-fedora-clang, r-devel-linux-x86_64-fedora-gcc, r-devel-osx-x86_64-clang, r-prerel-windows-ix86+x86_64, r-prerel-linux-x86_64, r-prerel-solaris-sparc, r-prerel-solaris-x86, r-release-linux-x86_64, r-release-windows-ix86+x86_64

Version: 1.0
Check: R code for possible problems
Result: NOTE
    glasso.miss: no visible global function definition for ‘glasso’
    glasso.miss: no visible global function definition for ‘Solve’
    space.miss: no visible global function definition for ‘Solve’
Flavors: r-devel-linux-x86_64-debian-clang, r-devel-linux-x86_64-debian-gcc, r-devel-linux-x86_64-fedora-clang, r-devel-linux-x86_64-fedora-gcc, r-devel-osx-x86_64-clang, r-prerel-windows-ix86+x86_64, r-prerel-linux-x86_64, r-prerel-solaris-sparc, r-prerel-solaris-x86, r-release-linux-x86_64, r-release-osx-x86_64-mavericks, r-release-windows-ix86+x86_64

Version: 1.0
Check: Rd line widths
Result: NOTE
    Rd file 'glasso.miss.Rd':
     \examples lines wider than 100 characters:
     data(finStocksCn) ##data of finance sector of Chinese Stock Market, from January 4th, 2011 to July 26th, 2011
    
    Rd file 'space.miss.Rd':
     \examples lines wider than 100 characters:
     data(finStocksCn) ##data of finance sector of Chinese Stock Market, from January 4th, 2011 to July 26th, 2011
    
    These lines will be truncated in the PDF manual.
Flavors: r-devel-linux-x86_64-debian-clang, r-devel-linux-x86_64-debian-gcc, r-devel-linux-x86_64-fedora-clang, r-devel-linux-x86_64-fedora-gcc, r-prerel-linux-x86_64, r-release-linux-x86_64

Version: 1.0
Check: dependencies in R code
Result: NOTE
    Packages in Depends field not imported from:
     ‘glasso’ ‘limSolve’
     These packages need to be imported from (in the NAMESPACE file)
     for when this namespace is loaded but not attached.
    See the information on DESCRIPTION files in the chapter ‘Creating R
    packages’ of the ‘Writing R Extensions’ manual.
Flavors: r-release-osx-x86_64-mavericks, r-oldrel-windows-ix86+x86_64