CRAN Package Check Results for Package spaceExt

Last updated on 2015-06-30 07:48:16.

Flavor Version Tinstall Tcheck Ttotal Status Flags
r-devel-linux-x86_64-debian-clang 1.0 1.20 10.44 11.64 NOTE
r-devel-linux-x86_64-debian-gcc 1.0 1.40 10.28 11.68 NOTE
r-devel-linux-x86_64-fedora-clang 1.0 22.00 NOTE
r-devel-linux-x86_64-fedora-gcc 1.0 20.81 NOTE
r-devel-osx-x86_64-clang 1.0 19.13 NOTE
r-devel-windows-ix86+x86_64 1.0 14.00 40.00 54.00 NOTE
r-patched-linux-x86_64 1.0 1.38 10.73 12.12 NOTE
r-patched-solaris-sparc 1.0 157.20 NOTE
r-patched-solaris-x86 1.0 38.90 NOTE
r-release-linux-x86_64 1.0 1.38 10.73 12.11 NOTE
r-release-osx-x86_64-mavericks 1.0 NOTE
r-release-windows-ix86+x86_64 1.0 9.00 45.00 54.00 NOTE
r-oldrel-windows-ix86+x86_64 1.0 13.00 33.00 46.00 NOTE

Check Details

Version: 1.0
Check: DESCRIPTION meta-information
Result: NOTE
    Malformed Description field: should contain one or more complete sentences.
Flavors: r-devel-linux-x86_64-debian-clang, r-devel-linux-x86_64-debian-gcc, r-devel-linux-x86_64-fedora-clang, r-devel-linux-x86_64-fedora-gcc, r-devel-osx-x86_64-clang, r-devel-windows-ix86+x86_64, r-patched-linux-x86_64, r-patched-solaris-sparc, r-patched-solaris-x86, r-release-linux-x86_64, r-release-osx-x86_64-mavericks, r-release-windows-ix86+x86_64

Version: 1.0
Check: dependencies in R code
Result: NOTE
    Packages in Depends field not imported from:
     ‘glasso’ ‘limSolve’
     These packages need to be imported from (in the NAMESPACE file)
     for when this namespace is loaded but not attached.
Flavors: r-devel-linux-x86_64-debian-clang, r-devel-linux-x86_64-debian-gcc, r-devel-linux-x86_64-fedora-clang, r-devel-linux-x86_64-fedora-gcc, r-devel-osx-x86_64-clang, r-devel-windows-ix86+x86_64, r-patched-linux-x86_64, r-patched-solaris-sparc, r-patched-solaris-x86, r-release-linux-x86_64, r-release-osx-x86_64-mavericks, r-release-windows-ix86+x86_64, r-oldrel-windows-ix86+x86_64

Version: 1.0
Check: R code for possible problems
Result: NOTE
    glasso.miss: no visible global function definition for ‘cov’
    glasso.miss: no visible global function definition for ‘glasso’
    glasso.miss: no visible global function definition for ‘Solve’
    space.miss: no visible global function definition for ‘Solve’
Flavors: r-devel-linux-x86_64-debian-clang, r-devel-linux-x86_64-debian-gcc, r-devel-windows-ix86+x86_64

Version: 1.0
Check: Rd line widths
Result: NOTE
    Rd file 'glasso.miss.Rd':
     \examples lines wider than 100 characters:
     data(finStocksCn) ##data of finance sector of Chinese Stock Market, from January 4th, 2011 to July 26th, 2011
    
    Rd file 'space.miss.Rd':
     \examples lines wider than 100 characters:
     data(finStocksCn) ##data of finance sector of Chinese Stock Market, from January 4th, 2011 to July 26th, 2011
    
    These lines will be truncated in the PDF manual.
Flavors: r-devel-linux-x86_64-debian-clang, r-devel-linux-x86_64-debian-gcc, r-devel-linux-x86_64-fedora-clang, r-devel-linux-x86_64-fedora-gcc, r-patched-linux-x86_64, r-release-linux-x86_64

Version: 1.0
Check: R code for possible problems
Result: NOTE
    glasso.miss: no visible global function definition for ‘glasso’
    glasso.miss: no visible global function definition for ‘Solve’
    space.miss: no visible global function definition for ‘Solve’
Flavors: r-devel-linux-x86_64-fedora-clang, r-devel-linux-x86_64-fedora-gcc, r-devel-osx-x86_64-clang, r-patched-linux-x86_64, r-patched-solaris-sparc, r-patched-solaris-x86, r-release-linux-x86_64, r-release-osx-x86_64-mavericks, r-release-windows-ix86+x86_64, r-oldrel-windows-ix86+x86_64