CRAN Package Check Results for Package spaceExt

Last updated on 2014-12-18 05:48:26.

Flavor Version Tinstall Tcheck Ttotal Status Flags
r-devel-linux-x86_64-debian-clang 1.0 1.20 13.20 14.40 NOTE
r-devel-linux-x86_64-debian-gcc 1.0 1.45 12.87 14.32 NOTE
r-devel-linux-x86_64-fedora-clang 1.0 30.18 NOTE
r-devel-linux-x86_64-fedora-gcc 1.0 27.24 NOTE
r-devel-osx-x86_64-clang 1.0 27.79 NOTE
r-devel-windows-ix86+x86_64 1.0 9.00 30.00 39.00 NOTE
r-patched-linux-x86_64 1.0 1.56 13.44 15.00 NOTE
r-patched-solaris-sparc 1.0 177.40 NOTE
r-patched-solaris-x86 1.0 47.60 NOTE
r-release-linux-ix86 1.0 2.02 19.23 21.24 NOTE
r-release-linux-x86_64 1.0 1.48 13.10 14.58 NOTE
r-release-osx-x86_64-mavericks 1.0 NOTE
r-release-osx-x86_64-snowleopard 1.0 OK
r-release-windows-ix86+x86_64 1.0 9.00 32.00 41.00 NOTE
r-oldrel-windows-ix86+x86_64 1.0 9.00 36.00 45.00 NOTE

Check Details

Version: 1.0
Check: dependencies in R code
Result: NOTE
    Packages in Depends field not imported from:
     ‘glasso’ ‘limSolve’
     These packages need to be imported from (in the NAMESPACE file)
     for when this namespace is loaded but not attached.
    See the information on DESCRIPTION files in the chapter ‘Creating R
    packages’ of the ‘Writing R Extensions’ manual.
Flavors: r-devel-linux-x86_64-debian-clang, r-devel-linux-x86_64-debian-gcc, r-devel-linux-x86_64-fedora-clang, r-devel-linux-x86_64-fedora-gcc, r-devel-osx-x86_64-clang, r-devel-windows-ix86+x86_64, r-patched-linux-x86_64, r-patched-solaris-sparc, r-patched-solaris-x86, r-release-linux-ix86, r-release-linux-x86_64, r-release-osx-x86_64-mavericks, r-release-windows-ix86+x86_64, r-oldrel-windows-ix86+x86_64

Version: 1.0
Check: R code for possible problems
Result: NOTE
    glasso.miss: no visible global function definition for ‘glasso’
    glasso.miss: no visible global function definition for ‘Solve’
    space.miss: no visible global function definition for ‘Solve’
Flavors: r-devel-linux-x86_64-debian-clang, r-devel-linux-x86_64-debian-gcc, r-devel-linux-x86_64-fedora-clang, r-devel-linux-x86_64-fedora-gcc, r-devel-osx-x86_64-clang, r-devel-windows-ix86+x86_64, r-patched-linux-x86_64, r-patched-solaris-sparc, r-patched-solaris-x86, r-release-linux-ix86, r-release-linux-x86_64, r-release-windows-ix86+x86_64

Version: 1.0
Check: Rd line widths
Result: NOTE
    Rd file 'glasso.miss.Rd':
     \examples lines wider than 100 characters:
     data(finStocksCn) ##data of finance sector of Chinese Stock Market, from January 4th, 2011 to July 26th, 2011
    
    Rd file 'space.miss.Rd':
     \examples lines wider than 100 characters:
     data(finStocksCn) ##data of finance sector of Chinese Stock Market, from January 4th, 2011 to July 26th, 2011
    
    These lines will be truncated in the PDF manual.
Flavors: r-devel-linux-x86_64-debian-clang, r-devel-linux-x86_64-debian-gcc, r-devel-linux-x86_64-fedora-clang, r-devel-linux-x86_64-fedora-gcc, r-patched-linux-x86_64, r-release-linux-x86_64