CRAN Package Check Results for Package sqldf

Last updated on 2015-07-31 06:47:15.

Flavor Version Tinstall Tcheck Ttotal Status Flags
r-devel-linux-x86_64-debian-clang 0.4-10 1.54 25.03 26.57 NOTE
r-devel-linux-x86_64-debian-gcc 0.4-10 2.15 18.29 20.44 NOTE
r-devel-linux-x86_64-fedora-clang 0.4-10 37.92 NOTE
r-devel-linux-x86_64-fedora-gcc 0.4-10 37.27 NOTE
r-devel-osx-x86_64-clang 0.4-10 42.89 NOTE
r-devel-windows-ix86+x86_64 0.4-10 8.00 34.00 42.00 NOTE
r-patched-linux-x86_64 0.4-10 1.49 18.31 19.80 NOTE
r-patched-solaris-sparc 0.4-10 256.20 NOTE
r-patched-solaris-x86 0.4-10 61.00 NOTE
r-release-linux-x86_64 0.4-10 1.44 18.76 20.20 NOTE
r-release-osx-x86_64-mavericks 0.4-10 NOTE
r-release-windows-ix86+x86_64 0.4-10 6.00 31.00 37.00 NOTE
r-oldrel-windows-ix86+x86_64 0.4-10 11.00 40.00 51.00 NOTE

Check Details

Version: 0.4-10
Check: dependencies in R code
Result: NOTE
    'library' or 'require' call to ‘tcltk’ in package code.
     Please use :: or requireNamespace() instead.
     See section 'Suggested packages' in the 'Writing R Extensions' manual.
Flavors: r-devel-linux-x86_64-debian-clang, r-devel-linux-x86_64-debian-gcc, r-devel-linux-x86_64-fedora-clang, r-devel-linux-x86_64-fedora-gcc, r-devel-osx-x86_64-clang, r-devel-windows-ix86+x86_64, r-patched-linux-x86_64, r-patched-solaris-sparc, r-patched-solaris-x86, r-release-linux-x86_64, r-release-osx-x86_64-mavericks, r-release-windows-ix86+x86_64, r-oldrel-windows-ix86+x86_64

Version: 0.4-10
Check: R code for possible problems
Result: NOTE
    read.csv.sql: no visible global function definition for ‘download.file’
    sqldf: no visible global function definition for ‘modifyList’
    sqldf: no visible global function definition for ‘head’
    Undefined global functions or variables:
     download.file head modifyList
    Consider adding
     importFrom("utils", "download.file", "head", "modifyList")
    to your NAMESPACE.
Flavors: r-devel-linux-x86_64-debian-clang, r-devel-linux-x86_64-debian-gcc, r-devel-linux-x86_64-fedora-clang, r-devel-linux-x86_64-fedora-gcc, r-devel-windows-ix86+x86_64

Version: 0.4-10
Check: package dependencies
Result: NOTE
    Package suggested but not available for checking: ‘RMySQL’
Flavors: r-patched-solaris-sparc, r-patched-solaris-x86

Version: 0.4-10
Check: package dependencies
Result: NOTE
    Package suggested but not available for checking: ‘RPostgreSQL’
Flavor: r-release-osx-x86_64-mavericks