CRAN Package Check Results for Package sqldf

Last updated on 2015-03-28 06:47:11.

Flavor Version Tinstall Tcheck Ttotal Status Flags
r-devel-linux-x86_64-debian-clang 0.4-10 1.50 18.43 19.93 NOTE
r-devel-linux-x86_64-debian-gcc 0.4-10 1.48 18.49 19.96 NOTE
r-devel-linux-x86_64-fedora-clang 0.4-10 39.73 NOTE
r-devel-linux-x86_64-fedora-gcc 0.4-10 38.57 NOTE
r-devel-osx-x86_64-clang 0.4-10 51.04 NOTE
r-prerel-windows-ix86+x86_64 0.4-10 5.00 28.00 33.00 NOTE
r-prerel-linux-x86_64 0.4-10 1.54 18.32 19.86 NOTE
r-prerel-solaris-sparc 0.4-10 260.60 NOTE
r-prerel-solaris-x86 0.4-10 63.40 NOTE
r-release-linux-x86_64 0.4-10 1.89 21.87 23.76 NOTE
r-release-osx-x86_64-mavericks 0.4-10 NOTE
r-release-osx-x86_64-snowleopard 0.4-10 OK
r-release-windows-ix86+x86_64 0.4-10 7.00 36.00 43.00 NOTE
r-oldrel-windows-ix86+x86_64 0.4-7.1 7.00 30.00 37.00 ERROR

Check Details

Version: 0.4-10
Check: dependencies in R code
Result: NOTE
    'library' or 'require' call to ‘tcltk’ in package code.
     Please use :: or requireNamespace() instead.
     See section 'Suggested packages' in the 'Writing R Extensions' manual.
Flavors: r-devel-linux-x86_64-debian-clang, r-devel-linux-x86_64-debian-gcc, r-devel-linux-x86_64-fedora-clang, r-devel-linux-x86_64-fedora-gcc, r-devel-osx-x86_64-clang, r-prerel-windows-ix86+x86_64, r-prerel-linux-x86_64, r-prerel-solaris-sparc, r-prerel-solaris-x86, r-release-linux-x86_64, r-release-windows-ix86+x86_64

Version: 0.4-10
Check: package dependencies
Result: NOTE
    Package suggested but not available for checking: ‘RMySQL’
Flavors: r-prerel-solaris-sparc, r-prerel-solaris-x86

Version: 0.4-10
Check: package dependencies
Result: NOTE
    Package suggested but not available for checking: ‘RPostgreSQL’
Flavor: r-release-osx-x86_64-mavericks

Version: 0.4-7.1
Check: package dependencies
Result: NOTE
    Package suggested but not available for checking: 'RMySQL'
Flavor: r-oldrel-windows-ix86+x86_64

Version: 0.4-7.1
Check: examples
Result: ERROR
    Running examples in 'sqldf-Ex.R' failed
    The error most likely occurred in:
    
    > ### Name: sqldf
    > ### Title: SQL select on data frames
    > ### Aliases: sqldf
    > ### Keywords: manip
    >
    > ### ** Examples
    >
    >
    > #
    > # These examples show how to run a variety of data frame manipulations
    > # in R without SQL and then again with SQL
    > #
    >
    > # head
    > a1r <- head(warpbreaks)
    > a1s <- sqldf("select * from warpbreaks limit 6")
    Error in if (.allows_extensions(db)) { :
     missing value where TRUE/FALSE needed
    Calls: sqldf -> init_extensions
    Execution halted
Flavor: r-oldrel-windows-ix86+x86_64