CRAN Package Check Results for Package sqldf

Last updated on 2014-04-23 07:55:10.

Flavor Version Tinstall Tcheck Ttotal Status Flags
r-devel-linux-x86_64-debian-clang 0.4-7.1 1.79 22.53 24.32 OK
r-devel-linux-x86_64-debian-gcc 0.4-7.1 1.78 22.62 24.40 OK
r-devel-linux-x86_64-fedora-clang 0.4-7.1 46.72 OK
r-devel-linux-x86_64-fedora-gcc 0.4-7.1 44.20 OK
r-devel-osx-x86_64-clang 0.4-7.1 54.70 NOTE
r-devel-osx-x86_64-gcc 0.4-7.1 OK
r-devel-windows-ix86+x86_64 0.4-7.1 7.00 33.00 40.00 NOTE
r-patched-linux-x86_64 0.4-7.1 1.77 22.52 24.29 OK
r-patched-solaris-sparc 0.4-7.1 255.90 NOTE
r-patched-solaris-x86 0.4-7.1 86.40 NOTE
r-release-linux-ix86 0.4-7.1 4.00 44.00 48.00 OK
r-release-linux-x86_64 0.4-7.1 1.74 22.55 24.29 OK
r-release-osx-x86_64-mavericks 0.4-7.1 WARN
r-release-osx-x86_64-snowleopard 0.4-7.1 OK
r-release-windows-ix86+x86_64 0.4-7.1 7.00 35.00 42.00 NOTE
r-oldrel-windows-ix86+x86_64 0.4-7.1 6.00 35.00 41.00 NOTE

Check Details

Version: 0.4-7.1
Check: package dependencies
Result: NOTE
    Package suggested but not available for checking: ‘RMySQL’
Flavors: r-devel-osx-x86_64-clang, r-devel-windows-ix86+x86_64, r-patched-solaris-sparc, r-patched-solaris-x86, r-release-windows-ix86+x86_64, r-oldrel-windows-ix86+x86_64

Version: 0.4-7.1
Check: package dependencies
Result: NOTE
    Packages suggested but not available for checking: ‘RMySQL’ ‘RPostgreSQL’
Flavor: r-release-osx-x86_64-mavericks

Version: 0.4-7.1
Check: PDF version of manual
Result: WARNING
    LaTeX errors when creating PDF version.
    This typically indicates Rd problems.
    LaTeX errors found:
    ! LaTeX Error: File `upquote.sty' not found.
    
    Type X to quit or <RETURN> to proceed,
    or enter new name. (Default extension: sty)
    
    51cc5d/Rd2.tex:8: ==> Fatal error occurred, no output PDF file produced!
Flavor: r-release-osx-x86_64-mavericks