CRAN Package Check Results for Package sqldf

Last updated on 2015-01-26 03:52:40.

Flavor Version Tinstall Tcheck Ttotal Status Flags
r-devel-linux-x86_64-debian-clang 0.4-10 1.70 20.50 22.20 NOTE
r-devel-linux-x86_64-debian-gcc 0.4-10 1.60 19.48 21.08 NOTE
r-devel-linux-x86_64-fedora-clang 0.4-10 48.76 NOTE
r-devel-linux-x86_64-fedora-gcc 0.4-10 47.89 NOTE
r-devel-osx-x86_64-clang 0.4-10 55.84 NOTE
r-devel-windows-ix86+x86_64 0.4-10 8.00 30.00 38.00 NOTE
r-patched-linux-x86_64 0.4-10 1.80 21.97 23.77 OK
r-patched-solaris-sparc 0.4-10 298.40 NOTE
r-patched-solaris-x86 0.4-10 71.90 NOTE
r-release-linux-ix86 0.4-10 2.36 29.56 31.92 OK
r-release-linux-x86_64 0.4-10 1.83 21.97 23.80 OK
r-release-osx-x86_64-mavericks 0.4-10 NOTE
r-release-osx-x86_64-snowleopard 0.4-10 OK
r-release-windows-ix86+x86_64 0.4-10 8.00 36.00 44.00 OK
r-oldrel-windows-ix86+x86_64 0.4-7.1 7.00 30.00 37.00 ERROR

Check Details

Version: 0.4-10
Check: dependencies in R code
Result: NOTE
    'library' or 'require' call to ‘tcltk’ in package code.
     Please use :: or requireNamespace() instead.
     See section 'Suggested packages' in the 'Writing R Extensions' manual.
Flavors: r-devel-linux-x86_64-debian-clang, r-devel-linux-x86_64-debian-gcc, r-devel-linux-x86_64-fedora-clang, r-devel-linux-x86_64-fedora-gcc, r-devel-osx-x86_64-clang, r-devel-windows-ix86+x86_64

Version: 0.4-10
Check: package dependencies
Result: NOTE
    Package suggested but not available for checking: ‘RMySQL’
Flavors: r-patched-solaris-sparc, r-patched-solaris-x86

Version: 0.4-10
Check: package dependencies
Result: NOTE
    Package suggested but not available for checking: ‘RPostgreSQL’
Flavor: r-release-osx-x86_64-mavericks

Version: 0.4-7.1
Check: package dependencies
Result: NOTE
    Package suggested but not available for checking: 'RMySQL'
Flavor: r-oldrel-windows-ix86+x86_64

Version: 0.4-7.1
Check: examples
Result: ERROR
    Running examples in 'sqldf-Ex.R' failed
    The error most likely occurred in:
    
    > ### Name: sqldf
    > ### Title: SQL select on data frames
    > ### Aliases: sqldf
    > ### Keywords: manip
    >
    > ### ** Examples
    >
    >
    > #
    > # These examples show how to run a variety of data frame manipulations
    > # in R without SQL and then again with SQL
    > #
    >
    > # head
    > a1r <- head(warpbreaks)
    > a1s <- sqldf("select * from warpbreaks limit 6")
    Error in if (.allows_extensions(db)) { :
     missing value where TRUE/FALSE needed
    Calls: sqldf -> init_extensions
    Execution halted
Flavor: r-oldrel-windows-ix86+x86_64