CRAN Package Check Results for Package sqldf

Last updated on 2014-08-27 07:50:45.

Flavor Version Tinstall Tcheck Ttotal Status Flags
r-devel-linux-x86_64-debian-clang 0.4-7.1 1.57 19.58 21.15 NOTE
r-devel-linux-x86_64-debian-gcc 0.4-7.1 1.82 19.49 21.31 NOTE
r-devel-linux-x86_64-fedora-clang 0.4-7.1 43.70 NOTE
r-devel-linux-x86_64-fedora-gcc 0.4-7.1 41.39 NOTE
r-devel-osx-x86_64-clang 0.4-7.1 48.77 NOTE
r-devel-windows-ix86+x86_64 0.4-7.1 5.00 35.00 40.00 NOTE
r-patched-linux-x86_64 0.4-7.1 1.68 21.37 23.05 OK
r-patched-solaris-sparc 0.4-7.1 288.00 NOTE
r-patched-solaris-x86 0.4-7.1 70.40 NOTE
r-release-linux-ix86 0.4-7.1 2.35 30.92 33.27 OK
r-release-linux-x86_64 0.4-7.1 2.03 22.03 24.06 OK
r-release-osx-x86_64-mavericks 0.4-7.1 NOTE
r-release-osx-x86_64-snowleopard 0.4-7.1 OK
r-release-windows-ix86+x86_64 0.4-7.1 8.00 33.00 41.00 NOTE
r-oldrel-windows-ix86+x86_64 0.4-7.1 6.00 35.00 41.00 NOTE

Check Details

Version: 0.4-7.1
Check: R code for possible problems
Result: NOTE
    sqldf: no visible global function definition for ‘dbSendUpdate’
Flavors: r-devel-linux-x86_64-debian-clang, r-devel-linux-x86_64-debian-gcc, r-devel-linux-x86_64-fedora-clang, r-devel-linux-x86_64-fedora-gcc, r-devel-osx-x86_64-clang, r-devel-windows-ix86+x86_64

Version: 0.4-7.1
Check: package dependencies
Result: NOTE
    Package suggested but not available for checking: ‘RMySQL’
Flavors: r-devel-osx-x86_64-clang, r-devel-windows-ix86+x86_64, r-patched-solaris-sparc, r-patched-solaris-x86, r-release-windows-ix86+x86_64, r-oldrel-windows-ix86+x86_64

Version: 0.4-7.1
Check: package dependencies
Result: NOTE
    Packages suggested but not available for checking: ‘RMySQL’ ‘RPostgreSQL’
Flavor: r-release-osx-x86_64-mavericks