CRAN Package Check Results for Package sqldf

Last updated on 2015-05-23 06:46:59.

Flavor Version Tinstall Tcheck Ttotal Status Flags
r-devel-linux-x86_64-debian-clang 0.4-10 1.54 18.26 19.80 NOTE
r-devel-linux-x86_64-debian-gcc 0.4-10 1.48 18.92 20.40 NOTE
r-devel-linux-x86_64-fedora-clang 0.4-10 39.81 NOTE
r-devel-linux-x86_64-fedora-gcc 0.4-10 38.10 NOTE
r-devel-osx-x86_64-clang 0.4-10 46.97 NOTE
r-devel-windows-ix86+x86_64 0.4-10 4.00 31.00 35.00 NOTE
r-patched-linux-x86_64 0.4-10 1.48 17.88 19.35 NOTE
r-patched-solaris-sparc 0.4-10 258.00 NOTE
r-patched-solaris-x86 0.4-10 61.00 NOTE
r-release-linux-x86_64 0.4-10 1.60 18.85 20.45 NOTE
r-release-osx-x86_64-mavericks 0.4-10 NOTE
r-release-osx-x86_64-snowleopard 0.4-10 NOTE
r-release-windows-ix86+x86_64 0.4-10 5.00 34.00 39.00 NOTE
r-oldrel-windows-ix86+x86_64 0.4-10 6.00 38.00 44.00 NOTE

Check Details

Version: 0.4-10
Check: dependencies in R code
Result: NOTE
    'library' or 'require' call to ‘tcltk’ in package code.
     Please use :: or requireNamespace() instead.
     See section 'Suggested packages' in the 'Writing R Extensions' manual.
Flavors: r-devel-linux-x86_64-debian-clang, r-devel-linux-x86_64-debian-gcc, r-devel-linux-x86_64-fedora-clang, r-devel-linux-x86_64-fedora-gcc, r-devel-osx-x86_64-clang, r-devel-windows-ix86+x86_64, r-patched-linux-x86_64, r-patched-solaris-sparc, r-patched-solaris-x86, r-release-linux-x86_64, r-release-osx-x86_64-mavericks, r-release-osx-x86_64-snowleopard, r-release-windows-ix86+x86_64, r-oldrel-windows-ix86+x86_64

Version: 0.4-10
Check: package dependencies
Result: NOTE
    Package suggested but not available for checking: ‘RMySQL’
Flavors: r-patched-solaris-sparc, r-patched-solaris-x86

Version: 0.4-10
Check: package dependencies
Result: NOTE
    Package suggested but not available for checking: ‘RPostgreSQL’
Flavor: r-release-osx-x86_64-mavericks