CRAN Package Check Results for Package tau

Last updated on 2015-05-26 06:47:10.

Flavor Version Tinstall Tcheck Ttotal Status Flags
r-devel-linux-x86_64-debian-clang 0.0-18 1.22 10.65 11.87 OK
r-devel-linux-x86_64-debian-gcc 0.0-18 1.53 10.11 11.64 OK
r-devel-linux-x86_64-fedora-clang 0.0-18 21.30 OK
r-devel-linux-x86_64-fedora-gcc 0.0-18 19.91 OK
r-devel-osx-x86_64-clang 0.0-18 25.51 OK
r-devel-windows-ix86+x86_64 0.0-18 9.00 21.00 30.00 OK
r-patched-linux-x86_64 0.0-18 1.51 9.82 11.33 OK
r-patched-solaris-sparc 0.0-18 121.40 OK
r-patched-solaris-x86 0.0-18 32.40 OK
r-release-linux-x86_64 0.0-18 1.52 9.72 11.24 OK
r-release-osx-x86_64-mavericks 0.0-18 OK
r-release-osx-x86_64-snowleopard 0.0-18 NOTE
r-release-windows-ix86+x86_64 0.0-18 14.00 30.00 44.00 NOTE
r-oldrel-windows-ix86+x86_64 0.0-18 8.00 31.00 39.00 OK

Check Details

Version: 0.0-18
Check: package dependencies
Result: NOTE
    Package suggested but not available for checking: ‘tm’
Flavor: r-release-osx-x86_64-snowleopard

Version: 0.0-18
Check: DESCRIPTION meta-information
Result: NOTE
    Malformed Description field: should contain one or more complete sentences.
Flavor: r-release-windows-ix86+x86_64