CRAN Package Check Results for Package tau

Last updated on 2014-04-23 07:55:10.

Flavor Version Tinstall Tcheck Ttotal Status Flags
r-devel-linux-x86_64-debian-clang 0.0-17 1.23 10.82 12.05 OK
r-devel-linux-x86_64-debian-gcc 0.0-17 1.52 11.07 12.59 OK
r-devel-linux-x86_64-fedora-clang 0.0-17 23.30 OK
r-devel-linux-x86_64-fedora-gcc 0.0-17 23.25 OK
r-devel-osx-x86_64-clang 0.0-17 26.33 OK
r-devel-osx-x86_64-gcc 0.0-17 NOTE
r-devel-windows-ix86+x86_64 0.0-17 7.00 23.00 30.00 OK
r-patched-linux-x86_64 0.0-17 1.51 10.92 12.42 OK
r-patched-solaris-sparc 0.0-17 130.50 OK
r-patched-solaris-x86 0.0-17 35.80 OK
r-release-linux-ix86 0.0-17 3.00 240.00 243.00 OK
r-release-linux-x86_64 0.0-17 1.56 10.84 12.40 OK
r-release-osx-x86_64-mavericks 0.0-17 WARN
r-release-osx-x86_64-snowleopard 0.0-17 OK
r-release-windows-ix86+x86_64 0.0-17 7.00 24.00 31.00 OK
r-oldrel-windows-ix86+x86_64 0.0-17 8.00 24.00 32.00 OK

Check Details

Version: 0.0-17
Check: package dependencies
Result: NOTE
    Package suggested but not available for checking: ‘tm’
Flavor: r-devel-osx-x86_64-gcc

Version: 0.0-17
Check: PDF version of manual
Result: WARNING
    LaTeX errors when creating PDF version.
    This typically indicates Rd problems.
    LaTeX errors found:
    ! LaTeX Error: File `upquote.sty' not found.
    
    Type X to quit or <RETURN> to proceed,
    or enter new name. (Default extension: sty)
    
    7a2743b/Rd2.tex:8: ==> Fatal error occurred, no output PDF file produced!
Flavor: r-release-osx-x86_64-mavericks