CRAN Package Check Results for Package tau

Last updated on 2015-04-27 06:46:53.

Flavor Version Tinstall Tcheck Ttotal Status Flags
r-devel-linux-x86_64-debian-clang 0.0-18 1.18 10.10 11.28 OK
r-devel-linux-x86_64-debian-gcc 0.0-18 1.52 9.93 11.45 OK
r-devel-linux-x86_64-fedora-clang 0.0-18 21.65 OK
r-devel-linux-x86_64-fedora-gcc 0.0-18 20.46 OK
r-devel-osx-x86_64-clang 0.0-18 26.17 OK
r-devel-windows-ix86+x86_64 0.0-18 8.00 21.00 29.00 OK
r-patched-linux-x86_64 0.0-18 1.50 9.66 11.15 OK
r-patched-solaris-sparc 0.0-18 152.70 OK
r-patched-solaris-x86 0.0-18 32.90 OK
r-release-linux-x86_64 0.0-18 1.50 9.71 11.22 OK
r-release-osx-x86_64-mavericks 0.0-18 OK
r-release-osx-x86_64-snowleopard 0.0-18 NOTE
r-release-windows-ix86+x86_64 0.0-18 7.00 23.00 30.00 NOTE
r-oldrel-windows-ix86+x86_64 0.0-18 8.00 23.00 31.00 OK

Check Details

Version: 0.0-18
Check: package dependencies
Result: NOTE
    Package suggested but not available for checking: ‘tm’
Flavor: r-release-osx-x86_64-snowleopard

Version: 0.0-18
Check: DESCRIPTION meta-information
Result: NOTE
    Malformed Description field: should contain one or more complete sentences.
Flavor: r-release-windows-ix86+x86_64