CRAN Package Check Results for Package tcltk2

Last updated on 2014-04-24 05:47:34.

Flavor Version Tinstall Tcheck Ttotal Status Flags
r-devel-linux-x86_64-debian-clang 1.2-10 1.81 21.49 23.30 NOTE
r-devel-linux-x86_64-debian-gcc 1.2-10 1.77 22.14 23.91 NOTE
r-devel-linux-x86_64-fedora-clang 1.2-10 38.42 NOTE
r-devel-linux-x86_64-fedora-gcc 1.2-10 36.87 NOTE
r-devel-osx-x86_64-clang 1.2-10 49.63 OK
r-devel-osx-x86_64-gcc 1.2-10 OK
r-devel-windows-ix86+x86_64 1.2-10 10.00 27.00 37.00 OK
r-patched-linux-x86_64 1.2-10 1.91 22.23 24.14 NOTE
r-patched-solaris-sparc 1.2-10 225.80 OK
r-patched-solaris-x86 1.2-10 71.70 OK
r-release-linux-ix86 1.2-10 10.00 117.00 127.00 NOTE
r-release-linux-x86_64 1.2-10 1.79 22.10 23.89 NOTE
r-release-osx-x86_64-mavericks 1.2-10 OK
r-release-osx-x86_64-snowleopard 1.2-10 OK
r-release-windows-ix86+x86_64 1.2-10 20.00 31.00 51.00 OK
r-oldrel-windows-ix86+x86_64 1.2-10 8.00 56.00 64.00 OK

Check Details

Version: 1.2-10
Check: installed package size
Result: NOTE
     installed size is 5.1Mb
     sub-directories of 1Mb or more:
     tklibs 4.9Mb
Flavors: r-devel-linux-x86_64-debian-clang, r-devel-linux-x86_64-debian-gcc, r-devel-linux-x86_64-fedora-clang, r-devel-linux-x86_64-fedora-gcc, r-patched-linux-x86_64, r-release-linux-ix86, r-release-linux-x86_64