CRAN Package Check Results for Package textcat

Last updated on 2014-04-23 07:55:10.

Flavor Version Tinstall Tcheck Ttotal Status Flags
r-devel-linux-x86_64-debian-clang 1.0-1 1.06 11.84 12.91 NOTE
r-devel-linux-x86_64-debian-gcc 1.0-1 1.03 11.51 12.54 NOTE
r-devel-linux-x86_64-fedora-clang 1.0-1 24.56 NOTE
r-devel-linux-x86_64-fedora-gcc 1.0-1 23.37 NOTE
r-devel-osx-x86_64-clang 1.0-1 27.28 NOTE
r-devel-osx-x86_64-gcc 1.0-1 NOTE
r-devel-windows-ix86+x86_64 1.0-1 3.00 19.00 22.00 NOTE
r-patched-linux-x86_64 1.0-1 1.03 11.83 12.86 NOTE
r-patched-solaris-sparc 1.0-1 127.90 NOTE
r-patched-solaris-x86 1.0-1 38.00 NOTE
r-release-linux-ix86 1.0-1 2.00 24.00 26.00 NOTE
r-release-linux-x86_64 1.0-1 1.04 11.33 12.37 NOTE
r-release-osx-x86_64-mavericks 1.0-1 WARN
r-release-osx-x86_64-snowleopard 1.0-1 NOTE
r-release-windows-ix86+x86_64 1.0-1 4.00 20.00 24.00 NOTE
r-oldrel-windows-ix86+x86_64 1.0-1 4.00 22.00 26.00 NOTE

Check Details

Version: 1.0-1
Check: data for non-ASCII characters
Result: NOTE
     Note: found 10051 marked UTF-8 strings
     Note: found 10523 strings marked as "bytes"
Flavors: r-devel-linux-x86_64-debian-clang, r-devel-linux-x86_64-debian-gcc, r-devel-linux-x86_64-fedora-clang, r-devel-linux-x86_64-fedora-gcc, r-devel-osx-x86_64-clang, r-devel-osx-x86_64-gcc, r-devel-windows-ix86+x86_64, r-patched-linux-x86_64, r-patched-solaris-sparc, r-patched-solaris-x86, r-release-linux-ix86, r-release-linux-x86_64, r-release-osx-x86_64-mavericks, r-release-osx-x86_64-snowleopard, r-release-windows-ix86+x86_64, r-oldrel-windows-ix86+x86_64

Version: 1.0-1
Check: PDF version of manual
Result: WARNING
    LaTeX errors when creating PDF version.
    This typically indicates Rd problems.
    LaTeX errors found:
    ! LaTeX Error: File `upquote.sty' not found.
    
    Type X to quit or <RETURN> to proceed,
    or enter new name. (Default extension: sty)
    
    db0fab1/Rd2.tex:8: ==> Fatal error occurred, no output PDF file produced!
Flavor: r-release-osx-x86_64-mavericks