CRAN Package Check Results for Package textcat

Last updated on 2014-12-19 05:47:57.

Flavor Version Tinstall Tcheck Ttotal Status Flags
r-devel-linux-x86_64-debian-clang 1.0-2 1.20 12.46 13.66 NOTE
r-devel-linux-x86_64-debian-gcc 1.0-2 0.98 11.56 12.55 NOTE
r-devel-linux-x86_64-fedora-clang 1.0-2 25.66 NOTE
r-devel-linux-x86_64-fedora-gcc 1.0-2 24.35 NOTE
r-devel-osx-x86_64-clang 1.0-2 28.19 NOTE
r-devel-windows-ix86+x86_64 1.0-2 4.00 30.00 34.00 NOTE
r-patched-linux-x86_64 1.0-2 1.05 11.90 12.94 NOTE
r-patched-solaris-sparc 1.0-2 144.50 NOTE
r-patched-solaris-x86 1.0-2 35.60 NOTE
r-release-linux-ix86 1.0-2 1.63 16.55 18.18 NOTE
r-release-linux-x86_64 1.0-2 1.02 11.67 12.69 NOTE
r-release-osx-x86_64-mavericks 1.0-2 NOTE
r-release-osx-x86_64-snowleopard 1.0-2 NOTE
r-release-windows-ix86+x86_64 1.0-2 4.00 23.00 27.00 NOTE
r-oldrel-windows-ix86+x86_64 1.0-2 4.00 23.00 27.00 NOTE

Check Details

Version: 1.0-2
Check: data for non-ASCII characters
Result: NOTE
     Note: found 10051 marked UTF-8 strings
     Note: found 10523 strings marked as "bytes"
Flavors: r-devel-linux-x86_64-debian-clang, r-devel-linux-x86_64-debian-gcc, r-devel-linux-x86_64-fedora-clang, r-devel-linux-x86_64-fedora-gcc, r-devel-osx-x86_64-clang, r-devel-windows-ix86+x86_64, r-patched-linux-x86_64, r-patched-solaris-sparc, r-patched-solaris-x86, r-release-linux-ix86, r-release-linux-x86_64, r-release-osx-x86_64-mavericks, r-release-osx-x86_64-snowleopard, r-release-windows-ix86+x86_64, r-oldrel-windows-ix86+x86_64