CRAN Package Check Results for Package textcat

Last updated on 2015-03-01 03:48:51.

Flavor Version Tinstall Tcheck Ttotal Status Flags
r-devel-linux-x86_64-debian-clang 1.0-2 0.90 10.39 11.28 NOTE
r-devel-linux-x86_64-debian-gcc 1.0-2 0.89 11.13 12.02 NOTE
r-devel-linux-x86_64-fedora-clang 1.0-2 22.10 NOTE
r-devel-linux-x86_64-fedora-gcc 1.0-2 21.27 NOTE
r-devel-osx-x86_64-clang 1.0-2 25.35 NOTE
r-devel-windows-ix86+x86_64 1.0-2 3.00 41.00 44.00 NOTE
r-patched-linux-x86_64 1.0-2 1.15 11.81 12.96 NOTE
r-patched-solaris-sparc 1.0-2 134.20 NOTE
r-patched-solaris-x86 1.0-2 38.00 NOTE
r-release-linux-ix86 1.0-2 1.69 17.37 19.06 NOTE
r-release-linux-x86_64 1.0-2 1.04 11.59 12.63 NOTE
r-release-osx-x86_64-mavericks 1.0-2 NOTE
r-release-osx-x86_64-snowleopard 1.0-2 NOTE
r-release-windows-ix86+x86_64 1.0-2 4.00 23.00 27.00 NOTE
r-oldrel-windows-ix86+x86_64 1.0-2 5.00 22.00 27.00 NOTE

Check Details

Version: 1.0-2
Check: data for non-ASCII characters
Result: NOTE
     Note: found 10051 marked UTF-8 strings
     Note: found 10523 strings marked as "bytes"
Flavors: r-devel-linux-x86_64-debian-clang, r-devel-linux-x86_64-debian-gcc, r-devel-linux-x86_64-fedora-clang, r-devel-linux-x86_64-fedora-gcc, r-devel-osx-x86_64-clang, r-devel-windows-ix86+x86_64, r-patched-linux-x86_64, r-patched-solaris-sparc, r-patched-solaris-x86, r-release-linux-ix86, r-release-linux-x86_64, r-release-osx-x86_64-mavericks, r-release-osx-x86_64-snowleopard, r-release-windows-ix86+x86_64, r-oldrel-windows-ix86+x86_64

Version: 1.0-2
Check: DESCRIPTION meta-information
Result: NOTE
    Malformed Description field: should contain one or more complete sentences.
Flavor: r-devel-windows-ix86+x86_64