CRAN Package Check Results for Package tsfa

Last updated on 2015-04-26 03:47:40.

Flavor Version Tinstall Tcheck Ttotal Status Flags
r-devel-linux-x86_64-debian-clang 2014.2-2 0.92 24.78 25.70 NOTE
r-devel-linux-x86_64-debian-gcc 2014.2-2 1.02 25.38 26.40 NOTE
r-devel-linux-x86_64-fedora-clang 2014.2-2 50.83 NOTE
r-devel-linux-x86_64-fedora-gcc 2014.2-2 48.39 NOTE
r-devel-osx-x86_64-clang 2014.2-2 50.36 NOTE
r-devel-windows-ix86+x86_64 2014.2-2 5.00 43.00 48.00 NOTE
r-patched-linux-x86_64 2014.2-2 0.96 24.84 25.79 NOTE
r-patched-solaris-sparc 2014.2-2 296.70 NOTE
r-patched-solaris-x86 2014.2-2 65.50 NOTE
r-release-linux-x86_64 2014.2-2 1.27 25.73 27.00 NOTE
r-release-osx-x86_64-mavericks 2014.2-2 NOTE
r-release-osx-x86_64-snowleopard 2014.2-2 OK
r-release-windows-ix86+x86_64 2014.2-2 4.00 41.00 45.00 NOTE
r-oldrel-windows-ix86+x86_64 2014.2-2 5.00 50.00 55.00 NOTE

Check Details

Version: 2014.2-2
Check: R code for possible problems
Result: NOTE
    simulate.TSFmodel: no visible global function definition for
     'makeTSnoise'
Flavors: r-devel-windows-ix86+x86_64, r-release-windows-ix86+x86_64, r-oldrel-windows-ix86+x86_64