CRAN Package Check Results for Package tsfa

Last updated on 2015-07-31 06:47:20.

Flavor Version Tinstall Tcheck Ttotal Status Flags
r-devel-linux-x86_64-debian-clang 2014.10-1 0.90 33.26 34.17 NOTE
r-devel-linux-x86_64-debian-gcc 2014.10-1 0.94 23.75 24.69 NOTE
r-devel-linux-x86_64-fedora-clang 2014.10-1 49.97 NOTE
r-devel-linux-x86_64-fedora-gcc 2014.10-1 46.75 NOTE
r-devel-osx-x86_64-clang 2014.10-1 45.65 OK
r-devel-windows-ix86+x86_64 2014.10-1 6.00 45.00 51.00 NOTE
r-patched-linux-x86_64 2014.10-1 0.96 24.30 25.26 OK
r-patched-solaris-sparc 2014.10-1 302.20 OK
r-patched-solaris-x86 2014.10-1 64.40 OK
r-release-linux-x86_64 2014.10-1 1.01 24.48 25.49 OK
r-release-osx-x86_64-mavericks 2014.10-1 OK
r-release-windows-ix86+x86_64 2014.10-1 6.00 67.00 73.00 OK
r-oldrel-windows-ix86+x86_64 2014.10-1 8.00 82.00 90.00 OK

Check Details

Version: 2014.10-1
Check: R code for possible problems
Result: NOTE
    DstandardizedLoadings.TSFmodel: no visible global function definition
     for ‘cov’
    FAfitStats.TSFmodel: no visible global function definition for ‘cov’
    FAfitStats.default: no visible global function definition for ‘cor’
    FAfitStats.default: no visible global function definition for
     ‘factanal’
    FAfitStats.default: no visible global function definition for ‘pchisq’
    FAmodelFitStats: no visible global function definition for ‘pchisq’
    checkResiduals.TSFmodel: no visible global function definition for
     ‘cov’
    distribution.factorsEstEval: no visible global function definition for
     ‘par’
    distribution.factorsEstEval: no visible binding for global variable
     ‘par’
    distribution.factorsEstEval: no visible global function definition for
     ‘density’
    distribution.factorsEstEval: no visible global function definition for
     ‘matplot’
    distribution.factorsEstEval: no visible global function definition for
     ‘title’
    summary.TSFmodel: no visible global function definition for ‘start’
    summary.TSFmodel: no visible global function definition for ‘end’
    Undefined global functions or variables:
     cor cov density end factanal matplot par pchisq start title
    Consider adding
     importFrom("graphics", "matplot", "par", "title")
     importFrom("stats", "cor", "cov", "density", "end", "factanal",
     "pchisq", "start")
    to your NAMESPACE.
Flavors: r-devel-linux-x86_64-debian-clang, r-devel-linux-x86_64-debian-gcc, r-devel-linux-x86_64-fedora-clang, r-devel-linux-x86_64-fedora-gcc, r-devel-windows-ix86+x86_64