CRAN Package Check Results for Package tsfa

Last updated on 2015-02-01 05:48:09.

Flavor Version Tinstall Tcheck Ttotal Status Flags
r-devel-linux-x86_64-debian-clang 2014.2-2 0.98 25.20 26.18 NOTE
r-devel-linux-x86_64-debian-gcc 2014.2-2 0.96 24.36 25.32 NOTE
r-devel-linux-x86_64-fedora-clang 2014.2-2 54.54 NOTE
r-devel-linux-x86_64-fedora-gcc 2014.2-2 48.28 NOTE
r-devel-osx-x86_64-clang 2014.2-2 59.44 NOTE
r-devel-windows-ix86+x86_64 2014.2-2 4.00 37.00 41.00 NOTE
r-patched-linux-x86_64 2014.2-2 1.27 29.87 31.14 NOTE
r-patched-solaris-sparc 2014.2-2 329.90 NOTE
r-patched-solaris-x86 2014.2-2 77.30 NOTE
r-release-linux-ix86 2014.2-2 1.59 39.56 41.14 NOTE
r-release-linux-x86_64 2014.2-2 1.16 29.98 31.14 NOTE
r-release-osx-x86_64-mavericks 2014.2-2 NOTE
r-release-osx-x86_64-snowleopard 2014.2-2 OK
r-release-windows-ix86+x86_64 2014.2-2 5.00 50.00 55.00 NOTE
r-oldrel-windows-ix86+x86_64 2014.2-2 6.00 50.00 56.00 OK

Check Details

Version: 2014.2-2
Check: R code for possible problems
Result: NOTE
    simulate.TSFmodel: no visible global function definition for
     ‘makeTSnoise’
Flavors: r-devel-linux-x86_64-debian-clang, r-devel-linux-x86_64-debian-gcc, r-devel-linux-x86_64-fedora-clang, r-devel-linux-x86_64-fedora-gcc, r-devel-osx-x86_64-clang, r-devel-windows-ix86+x86_64, r-patched-linux-x86_64, r-patched-solaris-sparc, r-patched-solaris-x86, r-release-linux-ix86, r-release-linux-x86_64, r-release-osx-x86_64-mavericks, r-release-windows-ix86+x86_64