CRAN Package Check Results for Package tsfa

Last updated on 2015-03-05 06:46:53.

Flavor Version Tinstall Tcheck Ttotal Status Flags
r-devel-linux-x86_64-debian-clang 2014.2-2 0.96 25.00 25.96 NOTE
r-devel-linux-x86_64-debian-gcc 2014.2-2 1.12 24.54 25.66 NOTE
r-devel-linux-x86_64-fedora-clang 2014.2-2 50.23 NOTE
r-devel-linux-x86_64-fedora-gcc 2014.2-2 48.01 NOTE
r-devel-osx-x86_64-clang 2014.2-2 52.69 NOTE
r-devel-windows-ix86+x86_64 2014.2-2 4.00 41.00 45.00 NOTE
r-patched-linux-x86_64 2014.2-2 1.38 29.58 30.96 NOTE
r-patched-solaris-sparc 2014.2-2 384.10 NOTE
r-patched-solaris-x86 2014.2-2 78.60 NOTE
r-release-linux-ix86 2014.2-2 1.79 39.69 41.48 NOTE
r-release-linux-x86_64 2014.2-2 1.35 29.47 30.82 NOTE
r-release-osx-x86_64-mavericks 2014.2-2 NOTE
r-release-osx-x86_64-snowleopard 2014.2-2 OK
r-release-windows-ix86+x86_64 2014.2-2 6.00 54.00 60.00 NOTE
r-oldrel-windows-ix86+x86_64 2014.2-2 6.00 53.00 59.00 OK

Check Details

Version: 2014.2-2
Check: R code for possible problems
Result: NOTE
    simulate.TSFmodel: no visible global function definition for
     ‘makeTSnoise’
Flavors: r-devel-linux-x86_64-debian-clang, r-devel-linux-x86_64-debian-gcc, r-devel-linux-x86_64-fedora-clang, r-devel-linux-x86_64-fedora-gcc, r-devel-osx-x86_64-clang, r-devel-windows-ix86+x86_64, r-patched-linux-x86_64, r-patched-solaris-sparc, r-patched-solaris-x86, r-release-linux-ix86, r-release-linux-x86_64, r-release-osx-x86_64-mavericks, r-release-windows-ix86+x86_64