CRAN Package Check Results for Package urca

Last updated on 2015-05-28 07:49:12.

Flavor Version Tinstall Tcheck Ttotal Status Flags
r-devel-linux-x86_64-debian-clang 1.2-8 2.47 28.09 30.56 NOTE
r-devel-linux-x86_64-debian-gcc 1.2-8 2.39 27.43 29.82 NOTE
r-devel-linux-x86_64-fedora-clang 1.2-8 55.99 NOTE
r-devel-linux-x86_64-fedora-gcc 1.2-8 49.93 NOTE
r-devel-osx-x86_64-clang 1.2-8 54.56 NOTE
r-devel-windows-ix86+x86_64 1.2-8 11.00 46.00 57.00 NOTE
r-patched-linux-x86_64 1.2-8 2.40 27.22 29.61 NOTE
r-patched-solaris-sparc 1.2-8 333.30 NOTE
r-patched-solaris-x86 1.2-8 68.80 NOTE
r-release-linux-x86_64 1.2-8 2.54 27.92 30.45 NOTE
r-release-osx-x86_64-mavericks 1.2-8 NOTE
r-release-osx-x86_64-snowleopard 1.2-8 NOTE
r-release-windows-ix86+x86_64 1.2-8 10.00 47.00 57.00 NOTE
r-oldrel-windows-ix86+x86_64 1.2-8 10.00 42.00 52.00 NOTE

Check Details

Version: 1.2-8
Check: dependencies in R code
Result: NOTE
    Namespace in Imports field not imported from: ‘nlme’
     All declared Imports should be used.
Flavors: r-devel-linux-x86_64-debian-clang, r-devel-linux-x86_64-debian-gcc, r-devel-linux-x86_64-fedora-clang, r-devel-linux-x86_64-fedora-gcc, r-devel-osx-x86_64-clang, r-devel-windows-ix86+x86_64, r-patched-linux-x86_64, r-patched-solaris-sparc, r-patched-solaris-x86, r-release-linux-x86_64, r-release-osx-x86_64-mavericks, r-release-osx-x86_64-snowleopard, r-release-windows-ix86+x86_64, r-oldrel-windows-ix86+x86_64

Version: 1.2-8
Check: top-level files
Result: NOTE
    File
     inst/LICENSE
    will install at top-level and is not mentioned in the DESCRIPTION file.
Flavors: r-devel-osx-x86_64-clang, r-devel-windows-ix86+x86_64, r-release-osx-x86_64-mavericks, r-release-osx-x86_64-snowleopard, r-release-windows-ix86+x86_64, r-oldrel-windows-ix86+x86_64