CRAN Package Check Results for Package urca

Last updated on 2015-07-31 06:47:20.

Flavor Version Tinstall Tcheck Ttotal Status Flags
r-devel-linux-x86_64-debian-clang 1.2-8 2.58 38.72 41.31 NOTE
r-devel-linux-x86_64-debian-gcc 1.2-8 3.46 27.97 31.42 NOTE
r-devel-linux-x86_64-fedora-clang 1.2-8 56.41 NOTE
r-devel-linux-x86_64-fedora-gcc 1.2-8 49.39 NOTE
r-devel-osx-x86_64-clang 1.2-8 52.02 NOTE
r-devel-windows-ix86+x86_64 1.2-8 15.00 47.00 62.00 NOTE
r-patched-linux-x86_64 1.2-8 2.45 27.21 29.66 NOTE
r-patched-solaris-sparc 1.2-8 337.70 NOTE
r-patched-solaris-x86 1.2-8 68.80 NOTE
r-release-linux-x86_64 1.2-8 2.48 27.45 29.93 NOTE
r-release-osx-x86_64-mavericks 1.2-8 NOTE
r-release-windows-ix86+x86_64 1.2-8 14.00 71.00 85.00 NOTE
r-oldrel-windows-ix86+x86_64 1.2-8 13.00 79.00 92.00 NOTE

Check Details

Version: 1.2-8
Check: dependencies in R code
Result: NOTE
    Namespace in Imports field not imported from: ‘nlme’
     All declared Imports should be used.
Flavors: r-devel-linux-x86_64-debian-clang, r-devel-linux-x86_64-debian-gcc, r-devel-linux-x86_64-fedora-clang, r-devel-linux-x86_64-fedora-gcc, r-devel-osx-x86_64-clang, r-devel-windows-ix86+x86_64, r-patched-linux-x86_64, r-patched-solaris-sparc, r-patched-solaris-x86, r-release-linux-x86_64, r-release-osx-x86_64-mavericks, r-release-windows-ix86+x86_64, r-oldrel-windows-ix86+x86_64

Version: 1.2-8
Check: R code for possible problems
Result: NOTE
    ablrtest: no visible global function definition for ‘pchisq’
    alphaols: no visible global function definition for ‘formula’
    alphaols: no visible global function definition for ‘lm’
    alrtest: no visible global function definition for ‘pchisq’
    bh5lrtest: no visible global function definition for ‘pchisq’
    bh6lrtest: no visible global function definition for ‘pchisq’
    blrtest: no visible global function definition for ‘pchisq’
    ca.jo: no visible global function definition for ‘na.omit’
    ca.jo: no visible global function definition for ‘embed’
    ca.po: no visible global function definition for ‘na.omit’
    ca.po: no visible global function definition for ‘residuals’
    ca.po: no visible global function definition for ‘lm’
    cajolst: no visible global function definition for ‘na.omit’
    cajolst: no visible global function definition for ‘embed’
    cajolst : tau: no visible global function definition for ‘resid’
    cajolst : tau: no visible global function definition for ‘lm’
    cajolst: no visible global function definition for ‘lm’
    cajolst: no visible global function definition for ‘coef’
    cajools: no visible global function definition for ‘formula’
    cajools: no visible global function definition for ‘lm’
    cajorls: no visible global function definition for ‘formula’
    cajorls: no visible global function definition for ‘lm’
    lttest: no visible global function definition for ‘pchisq’
    plotres: no visible global function definition for ‘par’
    plotres: no visible global function definition for ‘layout’
    plotres: no visible global function definition for ‘plot.ts’
    plotres: no visible global function definition for ‘abline’
    plotres: no visible global function definition for ‘acf’
    plotres: no visible global function definition for ‘pacf’
    punitroot: no visible global function definition for ‘na.omit’
    qunitroot: no visible global function definition for ‘na.omit’
    ur.df: no visible global function definition for ‘embed’
    ur.df: no visible global function definition for ‘lm’
    ur.df: no visible global function definition for ‘AIC’
    ur.df: no visible global function definition for ‘coef’
    ur.df: no visible global function definition for ‘anova’
    ur.df: no visible global function definition for ‘residuals’
    ur.ers: no visible global function definition for ‘na.omit’
    ur.ers: no visible global function definition for ‘lm’
    ur.ers: no visible global function definition for ‘coef’
    ur.ers : what: no visible global function definition for ‘embed’
    ur.ers : what: no visible global function definition for ‘lm’
    ur.ers: no visible global function definition for ‘residuals’
    ur.ers: no visible global function definition for ‘embed’
    ur.ers: no visible global function definition for ‘formula’
    ur.kpss: no visible global function definition for ‘na.omit’
    ur.kpss: no visible global function definition for ‘residuals’
    ur.kpss: no visible global function definition for ‘lm’
    ur.pp: no visible global function definition for ‘na.omit’
    ur.pp: no visible global function definition for ‘lm’
    ur.pp: no visible global function definition for ‘residuals’
    ur.pp: no visible global function definition for ‘coef’
    ur.sp: no visible global function definition for ‘na.omit’
    ur.sp: no visible global function definition for ‘lm’
    ur.sp: no visible global function definition for ‘residuals’
    ur.sp: no visible global function definition for ‘coef’
    ur.za: no visible global function definition for ‘na.omit’
    ur.za : roll: no visible global function definition for ‘coef’
    ur.za : roll: no visible global function definition for ‘lm’
    ur.za: no visible global function definition for ‘lm’
    plot,ca.jo-missing: no visible global function definition for ‘par’
    plot,ca.jo-missing: no visible global function definition for ‘plot.ts’
    plot,ca.po-missing: no visible global function definition for ‘par’
    plot,ca.po-missing: no visible global function definition for ‘layout’
    plot,ca.po-missing: no visible global function definition for ‘plot.ts’
    plot,ca.po-missing: no visible global function definition for ‘abline’
    plot,ca.po-missing: no visible global function definition for ‘acf’
    plot,ca.po-missing: no visible global function definition for ‘pacf’
    plot,ur.df-missing: no visible global function definition for ‘par’
    plot,ur.df-missing: no visible global function definition for ‘layout’
    plot,ur.df-missing: no visible global function definition for ‘plot.ts’
    plot,ur.df-missing: no visible global function definition for ‘abline’
    plot,ur.df-missing: no visible global function definition for ‘acf’
    plot,ur.df-missing: no visible global function definition for ‘pacf’
    plot,ur.ers-missing: no visible global function definition for ‘par’
    plot,ur.ers-missing: no visible global function definition for ‘layout’
    plot,ur.ers-missing: no visible global function definition for
     ‘plot.ts’
    plot,ur.ers-missing: no visible global function definition for ‘lines’
    plot,ur.ers-missing: no visible global function definition for ‘resid’
    plot,ur.ers-missing: no visible global function definition for ‘abline’
    plot,ur.ers-missing: no visible global function definition for ‘acf’
    plot,ur.ers-missing: no visible global function definition for ‘pacf’
    plot,ur.kpss-missing: no visible global function definition for ‘par’
    plot,ur.kpss-missing: no visible global function definition for
     ‘layout’
    plot,ur.kpss-missing: no visible global function definition for
     ‘plot.ts’
    plot,ur.kpss-missing: no visible global function definition for
     ‘abline’
    plot,ur.kpss-missing: no visible global function definition for ‘acf’
    plot,ur.kpss-missing: no visible global function definition for ‘pacf’
    plot,ur.pp-missing: no visible global function definition for ‘par’
    plot,ur.pp-missing: no visible global function definition for ‘layout’
    plot,ur.pp-missing: no visible global function definition for ‘plot.ts’
    plot,ur.pp-missing: no visible global function definition for ‘lines’
    plot,ur.pp-missing: no visible global function definition for ‘abline’
    plot,ur.pp-missing: no visible global function definition for ‘acf’
    plot,ur.pp-missing: no visible global function definition for ‘pacf’
    plot,ur.sp-missing: no visible global function definition for ‘par’
    plot,ur.sp-missing: no visible global function definition for ‘layout’
    plot,ur.sp-missing: no visible global function definition for ‘plot.ts’
    plot,ur.sp-missing: no visible global function definition for ‘lines’
    plot,ur.sp-missing: no visible global function definition for ‘abline’
    plot,ur.sp-missing: no visible global function definition for ‘acf’
    plot,ur.sp-missing: no visible global function definition for ‘pacf’
    plot,ur.za-missing: no visible global function definition for ‘par’
    plot,ur.za-missing: no visible global function definition for ‘plot.ts’
    plot,ur.za-missing: no visible global function definition for ‘abline’
    plot,ur.za-missing: no visible global function definition for ‘mtext’
    plot,ur.za-missing: no visible global function definition for ‘legend’
    Undefined global functions or variables:
     AIC abline acf anova coef embed formula layout legend lines lm mtext
     na.omit pacf par pchisq plot.ts resid residuals
    Consider adding
     importFrom("graphics", "abline", "layout", "legend", "lines", "mtext",
     "par")
     importFrom("stats", "AIC", "acf", "anova", "coef", "embed", "formula",
     "lm", "na.omit", "pacf", "pchisq", "plot.ts", "resid",
     "residuals")
    to your NAMESPACE.
Flavors: r-devel-linux-x86_64-debian-clang, r-devel-linux-x86_64-debian-gcc, r-devel-linux-x86_64-fedora-clang, r-devel-linux-x86_64-fedora-gcc, r-devel-windows-ix86+x86_64

Version: 1.2-8
Check: top-level files
Result: NOTE
    File
     inst/LICENSE
    will install at top-level and is not mentioned in the DESCRIPTION file.
Flavors: r-devel-osx-x86_64-clang, r-devel-windows-ix86+x86_64, r-release-osx-x86_64-mavericks, r-release-windows-ix86+x86_64, r-oldrel-windows-ix86+x86_64