CRAN Package Check Results for Package urca

Last updated on 2014-04-25 05:47:27.

Flavor Version Tinstall Tcheck Ttotal Status Flags
r-devel-linux-x86_64-debian-clang 1.2-8 2.97 30.25 33.22 NOTE
r-devel-linux-x86_64-debian-gcc 1.2-8 2.95 30.27 33.22 NOTE
r-devel-linux-x86_64-fedora-clang 1.2-8 63.11 NOTE
r-devel-linux-x86_64-fedora-gcc 1.2-8 57.96 NOTE
r-devel-osx-x86_64-clang 1.2-8 61.11 NOTE
r-devel-osx-x86_64-gcc 1.2-8 NOTE
r-devel-windows-ix86+x86_64 1.2-8 8.00 47.00 55.00 NOTE
r-patched-linux-x86_64 1.2-8 2.86 29.93 32.79 NOTE
r-patched-solaris-sparc 1.2-8 343.00 NOTE
r-patched-solaris-x86 1.2-8 78.10 NOTE
r-release-linux-ix86 1.2-8 4.00 51.00 55.00 NOTE
r-release-linux-x86_64 1.2-8 2.91 30.20 33.11 NOTE
r-release-osx-x86_64-mavericks 1.2-8 NOTE
r-release-windows-ix86+x86_64 1.2-8 8.00 48.00 56.00 NOTE
r-oldrel-windows-ix86+x86_64 1.2-8 9.00 44.00 53.00 NOTE

Check Details

Version: 1.2-8
Check: dependencies in R code
Result: NOTE
    Namespace in Imports field not imported from: ‘nlme’
     All declared Imports should be used.
    See the information on DESCRIPTION files in the chapter ‘Creating R
    packages’ of the ‘Writing R Extensions’ manual.
Flavors: r-devel-linux-x86_64-debian-clang, r-devel-linux-x86_64-debian-gcc, r-devel-linux-x86_64-fedora-clang, r-devel-linux-x86_64-fedora-gcc, r-devel-osx-x86_64-clang, r-devel-osx-x86_64-gcc, r-devel-windows-ix86+x86_64, r-patched-linux-x86_64, r-patched-solaris-sparc, r-patched-solaris-x86, r-release-linux-ix86, r-release-linux-x86_64, r-release-osx-x86_64-mavericks, r-release-windows-ix86+x86_64, r-oldrel-windows-ix86+x86_64

Version: 1.2-8
Check: top-level files
Result: NOTE
    File
     inst/LICENSE
    will install at top-level and is not mentioned in the DESCRIPTION file.
Flavors: r-devel-osx-x86_64-clang, r-devel-osx-x86_64-gcc, r-devel-windows-ix86+x86_64, r-release-osx-x86_64-mavericks, r-release-windows-ix86+x86_64, r-oldrel-windows-ix86+x86_64