CRAN Package Check Results for Package urca

Last updated on 2014-08-30 06:47:59.

Flavor Version Tinstall Tcheck Ttotal Status Flags
r-devel-linux-x86_64-debian-clang 1.2-8 2.89 28.80 31.68 NOTE
r-devel-linux-x86_64-debian-gcc 1.2-8 2.70 28.23 30.93 NOTE
r-devel-linux-x86_64-fedora-clang 1.2-8 61.37 NOTE
r-devel-linux-x86_64-fedora-gcc 1.2-8 55.78 NOTE
r-devel-osx-x86_64-clang 1.2-8 58.75 NOTE
r-devel-windows-ix86+x86_64 1.2-8 13.00 47.00 60.00 NOTE
r-patched-linux-x86_64 1.2-8 2.80 29.34 32.13 NOTE
r-patched-solaris-sparc 1.2-8 357.30 NOTE
r-patched-solaris-x86 1.2-8 78.50 NOTE
r-release-linux-ix86 1.2-8 3.58 37.17 40.75 NOTE
r-release-linux-x86_64 1.2-8 3.11 28.87 31.98 NOTE
r-release-osx-x86_64-mavericks 1.2-8 NOTE
r-release-windows-ix86+x86_64 1.2-8 8.00 46.00 54.00 NOTE
r-oldrel-windows-ix86+x86_64 1.2-8 8.00 62.00 70.00 NOTE

Check Details

Version: 1.2-8
Check: dependencies in R code
Result: NOTE
    Namespace in Imports field not imported from: ‘nlme’
     All declared Imports should be used.
    See the information on DESCRIPTION files in the chapter ‘Creating R
    packages’ of the ‘Writing R Extensions’ manual.
Flavors: r-devel-linux-x86_64-debian-clang, r-devel-linux-x86_64-debian-gcc, r-devel-linux-x86_64-fedora-clang, r-devel-linux-x86_64-fedora-gcc, r-devel-osx-x86_64-clang, r-devel-windows-ix86+x86_64, r-patched-linux-x86_64, r-patched-solaris-sparc, r-patched-solaris-x86, r-release-linux-ix86, r-release-linux-x86_64, r-release-osx-x86_64-mavericks, r-release-windows-ix86+x86_64, r-oldrel-windows-ix86+x86_64

Version: 1.2-8
Check: top-level files
Result: NOTE
    File
     inst/LICENSE
    will install at top-level and is not mentioned in the DESCRIPTION file.
Flavors: r-devel-osx-x86_64-clang, r-devel-windows-ix86+x86_64, r-release-osx-x86_64-mavericks, r-release-windows-ix86+x86_64, r-oldrel-windows-ix86+x86_64