CRAN Package Check Results for Package urca

Last updated on 2015-04-27 06:46:55.

Flavor Version Tinstall Tcheck Ttotal Status Flags
r-devel-linux-x86_64-debian-clang 1.2-8 2.63 27.62 30.25 NOTE
r-devel-linux-x86_64-debian-gcc 1.2-8 2.55 27.26 29.80 NOTE
r-devel-linux-x86_64-fedora-clang 1.2-8 56.16 NOTE
r-devel-linux-x86_64-fedora-gcc 1.2-8 49.20 NOTE
r-devel-osx-x86_64-clang 1.2-8 54.47 NOTE
r-devel-windows-ix86+x86_64 1.2-8 10.00 78.00 88.00 NOTE
r-patched-linux-x86_64 1.2-8 2.56 27.39 29.96 NOTE
r-patched-solaris-sparc 1.2-8 329.00 NOTE
r-patched-solaris-x86 1.2-8 68.80 NOTE
r-release-linux-x86_64 1.2-8 2.43 27.18 29.60 NOTE
r-release-osx-x86_64-mavericks 1.2-8 NOTE
r-release-osx-x86_64-snowleopard 1.2-8 NOTE
r-release-windows-ix86+x86_64 1.2-8 9.00 45.00 54.00 NOTE
r-oldrel-windows-ix86+x86_64 1.2-8 6.00 45.00 51.00 NOTE

Check Details

Version: 1.2-8
Check: dependencies in R code
Result: NOTE
    Namespace in Imports field not imported from: ‘nlme’
     All declared Imports should be used.
Flavors: r-devel-linux-x86_64-debian-clang, r-devel-linux-x86_64-debian-gcc, r-devel-linux-x86_64-fedora-clang, r-devel-linux-x86_64-fedora-gcc, r-devel-osx-x86_64-clang, r-devel-windows-ix86+x86_64, r-patched-solaris-sparc, r-patched-solaris-x86, r-release-osx-x86_64-mavericks, r-release-osx-x86_64-snowleopard, r-release-windows-ix86+x86_64, r-oldrel-windows-ix86+x86_64

Version: 1.2-8
Check: top-level files
Result: NOTE
    File
     inst/LICENSE
    will install at top-level and is not mentioned in the DESCRIPTION file.
Flavors: r-devel-osx-x86_64-clang, r-devel-windows-ix86+x86_64, r-release-osx-x86_64-mavericks, r-release-osx-x86_64-snowleopard, r-release-windows-ix86+x86_64, r-oldrel-windows-ix86+x86_64