CRAN Package Check Results for Package urca

Last updated on 2015-03-03 05:47:10.

Flavor Version Tinstall Tcheck Ttotal Status Flags
r-devel-linux-x86_64-debian-clang 1.2-8 2.55 28.01 30.56 NOTE
r-devel-linux-x86_64-debian-gcc 1.2-8 2.76 26.85 29.61 NOTE
r-devel-linux-x86_64-fedora-clang 1.2-8 55.09 NOTE
r-devel-linux-x86_64-fedora-gcc 1.2-8 50.28 NOTE
r-devel-osx-x86_64-clang 1.2-8 56.16 NOTE
r-devel-windows-ix86+x86_64 1.2-8 19.00 60.00 79.00 NOTE
r-patched-linux-x86_64 1.2-8 2.90 29.40 32.30 NOTE
r-patched-solaris-sparc 1.2-8 342.60 NOTE
r-patched-solaris-x86 1.2-8 76.50 NOTE
r-release-linux-ix86 1.2-8 3.78 36.68 40.45 NOTE
r-release-linux-x86_64 1.2-8 2.63 29.38 32.01 NOTE
r-release-osx-x86_64-mavericks 1.2-8 NOTE
r-release-windows-ix86+x86_64 1.2-8 20.00 65.00 85.00 NOTE
r-oldrel-windows-ix86+x86_64 1.2-8 10.00 48.00 58.00 NOTE

Check Details

Version: 1.2-8
Check: dependencies in R code
Result: NOTE
    Namespace in Imports field not imported from: ‘nlme’
     All declared Imports should be used.
Flavors: r-devel-linux-x86_64-debian-clang, r-devel-linux-x86_64-debian-gcc, r-devel-linux-x86_64-fedora-clang, r-devel-linux-x86_64-fedora-gcc, r-devel-osx-x86_64-clang, r-devel-windows-ix86+x86_64, r-patched-linux-x86_64, r-patched-solaris-x86

Version: 1.2-8
Check: top-level files
Result: NOTE
    File
     inst/LICENSE
    will install at top-level and is not mentioned in the DESCRIPTION file.
Flavors: r-devel-osx-x86_64-clang, r-devel-windows-ix86+x86_64, r-release-osx-x86_64-mavericks, r-release-windows-ix86+x86_64, r-oldrel-windows-ix86+x86_64

Version: 1.2-8
Check: dependencies in R code
Result: NOTE
    Namespace in Imports field not imported from: ‘nlme’
     All declared Imports should be used.
    See the information on DESCRIPTION files in the chapter ‘Creating R
    packages’ of the ‘Writing R Extensions’ manual.
Flavors: r-patched-solaris-sparc, r-release-linux-ix86, r-release-linux-x86_64, r-release-osx-x86_64-mavericks, r-release-windows-ix86+x86_64, r-oldrel-windows-ix86+x86_64