CRAN Package Check Results for Package urca

Last updated on 2014-12-21 03:48:29.

Flavor Version Tinstall Tcheck Ttotal Status Flags
r-devel-linux-x86_64-debian-clang 1.2-8 2.69 29.36 32.05 NOTE
r-devel-linux-x86_64-debian-gcc 1.2-8 2.52 28.10 30.62 NOTE
r-devel-linux-x86_64-fedora-clang 1.2-8 63.55 NOTE
r-devel-linux-x86_64-fedora-gcc 1.2-8 55.30 NOTE
r-devel-osx-x86_64-clang 1.2-8 59.44 NOTE
r-devel-windows-ix86+x86_64 1.2-8 10.00 49.00 59.00 NOTE
r-patched-linux-x86_64 1.2-8 2.68 29.10 31.77 NOTE
r-patched-solaris-sparc 1.2-8 357.30 NOTE
r-patched-solaris-x86 1.2-8 76.80 NOTE
r-release-linux-ix86 1.2-8 3.53 34.82 38.36 NOTE
r-release-linux-x86_64 1.2-8 2.80 29.42 32.22 NOTE
r-release-osx-x86_64-mavericks 1.2-8 NOTE
r-release-windows-ix86+x86_64 1.2-8 14.00 49.00 63.00 NOTE
r-oldrel-windows-ix86+x86_64 1.2-8 9.00 46.00 55.00 NOTE

Check Details

Version: 1.2-8
Check: dependencies in R code
Result: NOTE
    Namespace in Imports field not imported from: ‘nlme’
     All declared Imports should be used.
    See the information on DESCRIPTION files in the chapter ‘Creating R
    packages’ of the ‘Writing R Extensions’ manual.
Flavors: r-devel-linux-x86_64-debian-clang, r-devel-linux-x86_64-debian-gcc, r-devel-linux-x86_64-fedora-clang, r-devel-linux-x86_64-fedora-gcc, r-devel-osx-x86_64-clang, r-devel-windows-ix86+x86_64, r-patched-linux-x86_64, r-patched-solaris-sparc, r-patched-solaris-x86, r-release-linux-ix86, r-release-linux-x86_64, r-release-osx-x86_64-mavericks, r-release-windows-ix86+x86_64, r-oldrel-windows-ix86+x86_64

Version: 1.2-8
Check: top-level files
Result: NOTE
    File
     inst/LICENSE
    will install at top-level and is not mentioned in the DESCRIPTION file.
Flavors: r-devel-osx-x86_64-clang, r-devel-windows-ix86+x86_64, r-release-osx-x86_64-mavericks, r-release-windows-ix86+x86_64, r-oldrel-windows-ix86+x86_64