CRAN Package Check Results for Package waterfall

Last updated on 2015-02-01 05:48:10.

Flavor Version Tinstall Tcheck Ttotal Status Flags
r-devel-linux-x86_64-debian-clang 0.9.9.20121030 0.64 10.21 10.85 NOTE
r-devel-linux-x86_64-debian-gcc 0.9.9.20121030 0.62 11.62 12.24 NOTE
r-devel-linux-x86_64-fedora-clang 0.9.9.20121030 22.98 NOTE
r-devel-linux-x86_64-fedora-gcc 0.9.9.20121030 20.32 NOTE
r-devel-osx-x86_64-clang 0.9.9.20121030 26.50 NOTE
r-devel-windows-ix86+x86_64 0.9.9.20121030 4.00 18.00 22.00 NOTE
r-patched-linux-x86_64 0.9.9.20121030 0.70 12.93 13.63 NOTE
r-patched-solaris-sparc 0.9.9.20121030 138.40 NOTE
r-patched-solaris-x86 0.9.9.20121030 34.70 NOTE
r-release-linux-ix86 0.9.9.20121030 0.99 17.28 18.28 NOTE
r-release-linux-x86_64 0.9.9.20121030 0.92 12.98 13.90 NOTE
r-release-osx-x86_64-mavericks 0.9.9.20121030 NOTE
r-release-osx-x86_64-snowleopard 0.9.9.20121030 NOTE
r-release-windows-ix86+x86_64 0.9.9.20121030 4.00 23.00 27.00 NOTE
r-oldrel-windows-ix86+x86_64 0.9.9.20121030 3.00 23.00 26.00 NOTE

Check Details

Version: 0.9.9.20121030
Check: DESCRIPTION meta-information
Result: NOTE
    Deprecated license: BSD
Flavors: r-devel-linux-x86_64-debian-clang, r-devel-linux-x86_64-debian-gcc, r-devel-linux-x86_64-fedora-clang, r-devel-linux-x86_64-fedora-gcc, r-devel-osx-x86_64-clang, r-patched-linux-x86_64, r-patched-solaris-sparc, r-patched-solaris-x86, r-release-linux-ix86, r-release-linux-x86_64, r-release-osx-x86_64-mavericks, r-release-osx-x86_64-snowleopard

Version: 0.9.9.20121030
Check: top-level files
Result: NOTE
    File
     LICENSE
    is not mentioned in the DESCRIPTION file.
Flavors: r-devel-linux-x86_64-debian-clang, r-devel-linux-x86_64-debian-gcc, r-devel-linux-x86_64-fedora-clang, r-devel-linux-x86_64-fedora-gcc, r-devel-osx-x86_64-clang, r-devel-windows-ix86+x86_64, r-patched-linux-x86_64, r-patched-solaris-sparc, r-patched-solaris-x86, r-release-linux-ix86, r-release-linux-x86_64, r-release-osx-x86_64-mavericks, r-release-osx-x86_64-snowleopard, r-release-windows-ix86+x86_64, r-oldrel-windows-ix86+x86_64

Version: 0.9.9.20121030
Check: S3 generic/method consistency
Result: NOTE
    Found the following apparent S3 methods exported but not registered:
     waterfallchart.formula waterfallplot.default
    See section ‘Registering S3 methods’ in the ‘Writing R Extensions’
    manual.
Flavors: r-devel-linux-x86_64-debian-clang, r-devel-linux-x86_64-debian-gcc, r-devel-linux-x86_64-fedora-clang, r-devel-linux-x86_64-fedora-gcc, r-devel-osx-x86_64-clang