CRAN Package Check Results for Package waterfall

Last updated on 2014-08-21 07:49:26.

Flavor Version Tinstall Tcheck Ttotal Status Flags
r-devel-linux-x86_64-debian-clang 0.9.9.20121030 0.68 10.74 11.42 NOTE
r-devel-linux-x86_64-debian-gcc 0.9.9.20121030 0.68 10.62 11.30 NOTE
r-devel-linux-x86_64-fedora-clang 0.9.9.20121030 22.42 NOTE
r-devel-linux-x86_64-fedora-gcc 0.9.9.20121030 21.35 NOTE
r-devel-osx-x86_64-clang 0.9.9.20121030 24.24 NOTE
r-devel-windows-ix86+x86_64 0.9.9.20121030 2.00 20.00 22.00 NOTE
r-patched-linux-x86_64 0.9.9.20121030 0.66 10.68 11.34 NOTE
r-patched-solaris-sparc 0.9.9.20121030 146.80 NOTE
r-patched-solaris-x86 0.9.9.20121030 33.60 NOTE
r-release-linux-ix86 0.9.9.20121030 1.01 17.04 18.05 NOTE
r-release-linux-x86_64 0.9.9.20121030 0.72 11.08 11.80 NOTE
r-release-osx-x86_64-mavericks 0.9.9.20121030 NOTE
r-release-osx-x86_64-snowleopard 0.9.9.20121030 NOTE
r-release-windows-ix86+x86_64 0.9.9.20121030 3.00 20.00 23.00 NOTE
r-oldrel-windows-ix86+x86_64 0.9.9.20121030 3.00 20.00 23.00 NOTE

Check Details

Version: 0.9.9.20121030
Check: DESCRIPTION meta-information
Result: NOTE
    Deprecated license: BSD
Flavors: r-devel-linux-x86_64-debian-clang, r-devel-linux-x86_64-debian-gcc, r-devel-linux-x86_64-fedora-clang, r-devel-linux-x86_64-fedora-gcc, r-devel-osx-x86_64-clang, r-patched-linux-x86_64, r-patched-solaris-sparc, r-patched-solaris-x86, r-release-linux-ix86, r-release-linux-x86_64, r-release-osx-x86_64-mavericks, r-release-osx-x86_64-snowleopard

Version: 0.9.9.20121030
Check: top-level files
Result: NOTE
    File
     LICENSE
    is not mentioned in the DESCRIPTION file.
Flavors: r-devel-linux-x86_64-debian-clang, r-devel-linux-x86_64-debian-gcc, r-devel-linux-x86_64-fedora-clang, r-devel-linux-x86_64-fedora-gcc, r-devel-osx-x86_64-clang, r-devel-windows-ix86+x86_64, r-patched-linux-x86_64, r-patched-solaris-sparc, r-patched-solaris-x86, r-release-linux-ix86, r-release-linux-x86_64, r-release-osx-x86_64-mavericks, r-release-osx-x86_64-snowleopard, r-release-windows-ix86+x86_64, r-oldrel-windows-ix86+x86_64