CRAN Package Check Results for Package xtable

Last updated on 2015-04-18 03:50:32.

Flavor Version Tinstall Tcheck Ttotal Status Flags
r-devel-linux-x86_64-debian-clang 1.7-4 1.00 16.13 17.12 NOTE
r-devel-linux-x86_64-debian-gcc 1.7-4 2.75 17.04 19.78 NOTE
r-devel-linux-x86_64-fedora-clang 1.7-4 32.71 NOTE
r-devel-linux-x86_64-fedora-gcc 1.7-4 31.39 NOTE
r-devel-osx-x86_64-clang 1.7-4 38.54 NOTE
r-prerel-windows-ix86+x86_64 1.7-4 5.00 28.00 33.00 NOTE
r-prerel-linux-x86_64 1.7-4 2.92 16.20 19.12 NOTE
r-prerel-solaris-sparc 1.7-4 205.10 NOTE
r-prerel-solaris-x86 1.7-4 43.30 NOTE
r-release-linux-x86_64 1.7-4 3.01 17.08 20.09 OK
r-release-osx-x86_64-mavericks 1.7-4 OK
r-release-osx-x86_64-snowleopard 1.7-4 OK
r-release-windows-ix86+x86_64 1.7-4 5.00 30.00 35.00 OK
r-oldrel-windows-ix86+x86_64 1.7-4 2.00 32.00 34.00 OK

Check Details

Version: 1.7-4
Check: DESCRIPTION meta-information
Result: NOTE
    Malformed Description field: should contain one or more complete sentences.
Flavors: r-devel-linux-x86_64-debian-clang, r-devel-linux-x86_64-debian-gcc, r-devel-linux-x86_64-fedora-clang, r-devel-linux-x86_64-fedora-gcc, r-devel-osx-x86_64-clang, r-prerel-windows-ix86+x86_64, r-prerel-linux-x86_64, r-prerel-solaris-sparc, r-prerel-solaris-x86