CRAN Package Check Results for Package xtable

Last updated on 2014-11-27 05:47:55.

Flavor Version Tinstall Tcheck Ttotal Status Flags
r-devel-linux-x86_64-debian-clang 1.7-4 0.77 17.01 17.78 OK
r-devel-linux-x86_64-debian-gcc 1.7-4 0.93 16.64 17.56 OK
r-devel-linux-x86_64-fedora-clang 1.7-4 35.83 OK
r-devel-linux-x86_64-fedora-gcc 1.7-4 34.13 OK
r-devel-osx-x86_64-clang 1.7-4 40.23 OK
r-devel-windows-ix86+x86_64 1.7-4 3.00 26.00 29.00 OK
r-patched-linux-x86_64 1.7-4 2.76 16.99 19.75 OK
r-patched-solaris-sparc 1.7-4 171.10 OK
r-patched-solaris-x86 1.7-4 47.60 OK
r-release-linux-ix86 1.7-4 0.90 23.96 24.87 OK
r-release-linux-x86_64 1.7-4 1.08 17.05 18.14 OK
r-release-osx-x86_64-mavericks 1.7-4 NOTE
r-release-osx-x86_64-snowleopard 1.7-4 OK
r-release-windows-ix86+x86_64 1.7-4 3.00 37.00 40.00 OK
r-oldrel-windows-ix86+x86_64 1.7-4 2.00 32.00 34.00 OK

Check Details

Version: 1.7-4
Check: re-building of vignette outputs
Result: NOTE
    Error in re-building vignettes:
     ...
    Error in texi2dvi(file = file, pdf = TRUE, clean = clean, quiet = quiet, :
     Running 'texi2dvi' on 'margintable.tex' failed.
    LaTeX errors:
    ! LaTeX Error: File `tufte-handout.cls' not found.
    
    Type X to quit or <RETURN> to proceed,
    or enter new name. (Default extension: cls)
    
    test/xtable/vignettes/margintable.tex:6: ==> Fatal error occurred, no output P
    DF file produced!
    Calls: buildVignettes -> texi2pdf -> texi2dvi
    Execution halted
Flavor: r-release-osx-x86_64-mavericks